 a factor of 38736?
True
Is 38190 a multiple of 237?
False
Is 400 a multiple of 8?
True
Is 9 a factor of 2119?
False
Is 6011 a multiple of 5?
False
Does 99 divide 3649?
False
Is 38 a factor of 3458?
True
Is 719 a multiple of 81?
False
Is 714 a multiple of 34?
True
Does 47 divide 3657?
False
Is 1263 a multiple of 15?
False
Is 53 a multiple of 4?
False
Does 41 divide 19844?
True
Does 48 divide 1447?
False
Is 37 a factor of 27306?
True
Does 8 divide 3520?
True
Is 117 a multiple of 3?
True
Is 68 a factor of 10336?
True
Does 22 divide 276?
False
Is 7 a factor of 527?
False
Is 10 a factor of 8780?
True
Is 15517 a multiple of 261?
False
Is 265 a multiple of 52?
False
Is 41699 a multiple of 146?
False
Is 32 a factor of 5668?
False
Is 216 a multiple of 27?
True
Is 4322 a multiple of 31?
False
Is 6624 a multiple of 16?
True
Is 15785 a multiple of 9?
False
Is 110687 a multiple of 289?
True
Is 624 a multiple of 48?
True
Is 1568 a multiple of 8?
True
Is 24661 a multiple of 91?
True
Is 74 a factor of 5159?
False
Is 51 a factor of 5116?
False
Does 97 divide 2134?
True
Is 31320 a multiple of 111?
False
Does 2 divide 2741?
False
Is 2125 a multiple of 14?
False
Does 17 divide 11475?
True
Does 3 divide 35?
False
Is 3 a factor of 70?
False
Does 12 divide 23256?
True
Does 9 divide 825?
False
Is 267 a factor of 23496?
True
Is 122 a factor of 12932?
True
Is 1224 a multiple of 6?
True
Does 305 divide 28060?
True
Is 40 a factor of 8960?
True
Does 20 divide 2960?
True
Is 7700 a multiple of 16?
False
Does 22 divide 1936?
True
Does 47 divide 893?
True
Does 10 divide 366?
False
Is 29 a factor of 3596?
True
Does 11 divide 803?
True
Does 10 divide 5860?
True
Is 39 a factor of 2661?
False
Is 47 a factor of 564?
True
Does 8 divide 2704?
True
Does 13 divide 4522?
False
Does 12 divide 13446?
False
Is 33133 a multiple of 17?
True
Is 3600 a multiple of 100?
True
Does 120 divide 5760?
True
Does 44 divide 3784?
True
Does 47 divide 42616?
False
Is 14964 a multiple of 42?
False
Is 830 a multiple of 11?
False
Does 3 divide 4293?
True
Does 7 divide 11174?
False
Is 32 a factor of 5216?
True
Is 1036 a multiple of 7?
True
Is 139 a factor of 24464?
True
Is 6840 a multiple of 6?
True
Is 1410 a multiple of 141?
True
Is 177 a multiple of 8?
False
Is 25 a factor of 675?
True
Does 9 divide 31086?
True
Is 13 a factor of 22087?
True
Is 1284 a multiple of 65?
False
Does 8 divide 384?
True
Is 15 a factor of 7724?
False
Is 4872 a multiple of 29?
True
Does 9 divide 36?
True
Is 4 a factor of 58900?
True
Is 2394 a multiple of 79?
False
Is 15747 a multiple of 87?
True
Is 33 a factor of 396?
True
Does 19 divide 3170?
False
Does 38 divide 1824?
True
Does 16 divide 1354?
False
Does 11 divide 6556?
True
Does 92 divide 884?
False
Is 658 a multiple of 21?
False
Is 12 a factor of 284?
False
Does 16 divide 33360?
True
Is 2646 a multiple of 147?
True
Is 405 a multiple of 15?
True
Does 19 divide 52701?
False
Is 19 a factor of 5852?
True
Is 80 a factor of 9200?
True
Does 48 divide 1134?
False
Does 147 divide 4557?
True
Is 29 a factor of 278?
False
Is 5 a factor of 420?
True
Is 28 a factor of 42738?
False
Is 2542 a multiple of 134?
False
Does 46 divide 17940?
True
Is 30 a factor of 4305?
False
Is 9 a factor of 4860?
True
Is 1229 a multiple of 27?
False
Is 10 a factor of 1540?
True
Is 90644 a multiple of 34?
True
Is 79 a factor of 237?
True
Is 60 a multiple of 3?
True
Is 136858 a multiple of 49?
False
Is 490 a multiple of 35?
True
Is 10 a factor of 270?
True
Is 6 a factor of 9516?
True
Is 2818 a multiple of 7?
False
Is 86 a multiple of 43?
True
Does 17 divide 878?
False
Does 3 divide 1176?
True
Does 5 divide 13335?
True
Does 24 divide 3476?
False
Is 31 a factor of 83415?
False
Does 11 divide 2365?
True
Is 894 a multiple of 19?
False
Is 14 a factor of 27090?
True
Does 19 divide 1215?
False
Is 18 a factor of 163782?
True
Does 5 divide 2274?
False
Is 464 a multiple of 2?
True
Does 9 divide 1539?
True
Is 5 a factor of 8570?
True
Is 26 a factor of 1820?
True
Is 1068 a multiple of 51?
False
Is 74 a multiple of 37?
True
Is 38 a factor of 38?
True
Is 147 a factor of 588?
True
Is 71 a factor of 1466?
False
Is 9 a factor of 8399?
False
Does 16 divide 21716?
False
Is 627 a multiple of 9?
False
Does 13 divide 364?
True
Is 27456 a multiple of 22?
True
Does 18 divide 3258?
True
Is 32646 a multiple of 134?
False
Does 3 divide 17?
False
Is 10 a factor of 1210?
True
Is 2064 a multiple of 48?
True
Is 445 a multiple of 4?
False
Is 12244 a multiple of 36?
False
Is 3082 a multiple of 12?
False
Is 125 a factor of 4441?
False
Is 331 a multiple of 120?
False
Is 6 a factor of 27?
False
Is 3793 a multiple of 119?
False
Does 14 divide 62138?
False
Is 475 a multiple of 25?
True
Does 297 divide 21858?
False
Does 236 divide 66188?
False
Does 4 divide 56?
True
Does 16 divide 5687?
False
Is 25395 a multiple of 17?
False
Is 12 a factor of 92490?
False
Does 77 divide 649?
False
Does 8 divide 3416?
True
Is 14910 a multiple of 13?
False
Does 16 divide 5987?
False
Is 13 a factor of 1105?
True
Does 18 divide 882?
True
Does 16 divide 5536?
True
Does 114 divide 6726?
True
Is 9583 a multiple of 89?
False
Does 31 divide 532?
False
Is 53223 a multiple of 157?
True
Does 9 divide 5247?
True
Is 65 a factor of 16965?
True
Is 8 a factor of 1258?
False
Is 6 a factor of 356?
False
Is 35 a factor of 28946?
False
Does 24 divide 1560?
True
Is 14400 a multiple of 32?
True
Is 92 a factor of 4600?
True
Is 45124 a multiple of 211?
False
Does 87 divide 8178?
True
Is 642 a multiple of 31?
False
Is 89668 a multiple of 24?
False
Is 124 a factor of 4989?
False
Is 2 a factor of 16?
True
Is 42 a factor of 703?
False
Is 44 a factor of 1682?
False
Is 174 a multiple of 18?
False
Is 36297 a multiple of 109?
True
Does 284 divide 21300?
True
Is 11834 a multiple of 13?
False
Does 24 divide 5928?
True
Is 2001 a multiple of 8?
False
Is 22 a factor of 7898?
True
Is 41 a factor of 47642?
True
Is 5892 a multiple of 5?
False
Does 2 divide 3952?
True
Does 7 divide 5559?
False
Does 43 divide 5095?
False
Does 41 divide 19639?
True
Is 5681 a multiple of 71?
False
Does 4 divide 180?
True
Is 12 a factor of 1053?
False
Is 2442 a multiple of 16?
False
Is 222 a factor of 57942?
True
Does 73 divide 265?
False
Is 2040 a multiple of 21?
False
Is 8 a factor of 501?
False
Is 14 a factor of 952?
True
Is 1371 a multiple of 19?
False
Is 472 a multiple of 59?
True
Is 33 a factor of 40656?
True
Is 724 a multiple of 12?
False
Is 8806 a multiple of 14?
True
Is 24 a multiple of 24?
True
Is 9089 a multiple of 12?
False
Does 12 divide 411?
False
Is 24 a factor of 374?
False
Is 45 a factor of 90?
True
Is 1404 a multiple of 26?
True
Is 11 a factor of 88?
True
Is 7 a factor of 2856?
True
Is 53 a factor of 3392?
True
Is 190 a multiple of 3?
False
Is 78 a factor of 12442?
False
Does 30 divide 40950?
True
Is 184 a multiple of 4?
True
Does 77 divide 10241?
True
Does 69 divide 10627?
False
Does 31 divide 26741?
False
Is 21270 a multiple of 30?
True
Is 146 a multiple of 8?
False
Is 112 a factor of 4032?
True
Is 161 a factor of 3663?
False
Is 80477 a multiple of 23?
True
Is 36 a factor of 31572?
True
Is 33 a factor of 4128?
False
Is 5 a factor of 166?
False
Is 52 a multiple of 3?
False
Is 50 a factor of 14300?
True
Is 5680 a multiple of 20?
True
Is 547 a multiple of 12?
False
Does 26 divide 1118?
True
Is 180 a multiple of 20?
True
Is 1285 a multiple of 33?
False
Does 29 divide 25171?
False
Is 14 a factor of 3193?
False
Is 4540 a multiple of 12?
False
Is 8510 a multiple of 26?
False
Is 4 a factor of 371?
False
Is 10718 a multiple of 23?
True
Is 2827 a multiple of 17?
False
Does 20 divide 49?
False
Is 55559 a multiple of 38?
False
Does 9 divide 2499?
False
Is 18 a factor of 5725?
False
Does 13 divide 351?
True
Is 16 a factor of 7457?
False
Is 6 a factor of 39794?
False
Does 24 divide 1152?
True
Is 525 a multiple of 25?
True
Is 1058 a multiple of 6?
False
Is 267 a factor of 86666?
False
Does 110 divide 2090?
True
Does 33 divide 4059?
True
Is 181 a factor of 56569?
False
Is 8 a factor of 87?
False
Does 89 divide 483?
False
Is 59255 a multiple of 36?
False
Is 17 a factor of 1343?
True
Is 68 a factor of 1700?
True
Is 3 a factor of 1668?
True
Is 14596 a multiple of 164?
True
Does 49 divide 6088?
False
Is 29 a factor of 871?
Fa